15
Let j = -41 - -83. Let i(p) = -161*p**2 + 42*p. Let m(c) = -5*c - 26*c**2 + 23*c**2 + 22*c**2. Let u(h) = j*m(h) + 5*i(h). Calculate u(1).
-7
Let p(z) = z**3 - 4*z**2 + 4*z - 5. Let v(w) be the third derivative of -2/3*w**3 - 5*w**2 + 0*w + 0 + 1/6*w**4. Let a be v(2). What is p(a)?
11
Let b(a) = -13 - 2073*a - 2077*a + 4144*a. What is b(-5)?
17
Let g(d) = d**2 + 1163*d + 21730. Let y be g(-19). Let v(i) be the second derivative of -i**5/20 - 5*i**4/12 + i**3 + 5*i**2/2 - i. Give v(y).
5
Let r(i) = 74*i + 6. Let k(p) = -84*p - 5. Let y(f) = -7*k(f) - 8*r(f). Determine y(-5).
7
Let s(t) = -26*t + 12. Suppose -1356*i = -1484*i - 256. What is s(i)?
64
Let d(w) be the first derivative of w**5/20 - w**4/2 + w**3/3 + 7*w**2 - 317*w - 149. Let o(z) be the first derivative of d(z). What is o(5)?
-1
Suppose 3*b = -5*n + 25, 2 = b - 3. Let a(u) = -2 + 3*u**3 + 12*u - 2*u**3 - 2*u - 75*u**2 + 66*u**n. Determine a(8).
14
Let l = -7569 - -7580. Let v(x) be the second derivative of 3/2*x**3 + 0*x**2 + 0 - l*x. What is v(-1)?
-9
Let c(w) = -51*w + 1174. Let j be c(23). Let s(q) = -26*q + 23. Give s(j).
-3
Let d be ((-595)/45 - (-6)/27)*(-2)/13. Let s(c) be the first derivative of -1/2*c**d + 6 - 3*c. Give s(-4).
1
Let c(a) = 2*a**2 + 5*a - 13. Let r(i) = -10*i**2 + 3*i + 3. Let u be r(1). Let m be c(u). Let p(v) = 22*v - 1. Calculate p(m).
-23
Suppose -598 = 69*t - 43*t. Let i(x) = -x**3 - 21*x**2 + 46*x. What is i(t)?
0
Let v(n) = -n**3 + 26*n**2 - 49*n + 23. Let a be v(24). Let r(y) = y**2 - y. Let c(i) = 4*i**2 - 3*i + 2. Let f(z) = a*c(z) + 3*r(z). What is f(4)?
-18
Let u(l) = 17*l - 27. Let h(k) = -9*k + 20. Let q(n) = 5*h(n) + 3*u(n). Determine q(-6).
-17
Let n(w) = w**2 + 10*w + 8. Suppose -5*r - 3*a - 21 = -0, -2*a = 4. Calculate n(r).
-13
Suppose 1 = -m + 5. Suppose m = 3*q - 14. Let w(j) = 11*j + 8. Let z(p) = -9*p - 7. Let b(v) = 5*w(v) + 6*z(v). Calculate b(q).
4
Let u(g) = -g**2 + 48*g - 21. Let t(x) = -x**2 + 44*x - 22. Let w(q) = -9*t(q) + 8*u(q). Determine w(9).
3
Let m = -43 - 168. Let z = -208 - m. Let k(v) = 2*v - 3*v - 3 - 2*v**2 + 4*v. Determine k(z).
-12
Let c(k) be the second derivative of k**5/20 - k**4/2 + 4*k**3/3 - 2*k**2 + 77102*k. Suppose -3 = n + 2*n. Let f be n/(-3) + 28/6. Determine c(f).
11
Let c(n) be the first derivative of n**3/3 + 7*n**2/2 - n + 1. Let j be (-320)/52 - (567/117 - 5). Determine c(j).
-7
Let r(c) = -11*c - 423. Let f(d) = 66*d + 2482. Let l(z) = 6*f(z) + 35*r(z). Calculate l(-7).
10
Let u(x) = -x**2 + 27*x - 5. Suppose -3*m = -4*d + 95, m - 17 = 4*d - 118. Determine u(d).
21
Let t(b) = -b**3 - 70*b**2 + b. Let i(j) = 3*j**3 + 194*j**2 - 4*j - 116. Let n(q) = -i(q) - 2*t(q). Determine n(-54).
8
Let x = 92 + -86. Let f(m) be the second derivative of -m**4/24 + 7*m**3/6 + m**2/2 + 2*m. Let o(v) be the first derivative of f(v). Give o(x).
1
Let u be (54/24)/(9/(-24)) + 0. Let j be 16/u*((-9)/(-2) + -3). Let p(o) = o**3 + 5*o**2 + 4*o + 1. Determine p(j).
1
Let d(m) = m**3 - m - 1. Let g(y) = 4*y**2 - 2*y + 2. Let a(o) = -2*d(o) + g(o). Let j = 19227 - 19224. What is a(j)?
-14
Let o(b) = 17*b**2 + 9*b - 19*b**2 + 5*b - b**3 + 2*b**3 + 12*b**2 + 13 + 5*b**2. Let y be (8/10)/((-4)/70). Calculate o(y).
13
Let g(z) be the second derivative of 0 + 1/6*z**3 + 1/120*z**6 - 6*z + 1/24*z**4 + 0*z**5 - 5/2*z**2. Let v(w) be the first derivative of g(w). Give v(2).
11
Let s(k) = -3*k**3 + 17*k**2 + 17*k + 26. Let a(v) = -v**3 + 6*v**2 + 6*v + 9. Let j(w) = 8*a(w) - 3*s(w). Determine j(4).
-2
Let r(m) be the third derivative of m**4/6 + 23*m**3/6 - 748*m**2 - 1. Calculate r(-4).
7
Let w(n) be the second derivative of n**5/20 - 17*n**4/12 + 43*n**3/6 + 4*n**2 - 3388*n + 1. Determine w(14).
22
Let i be 0/(-2) - (-1 + 1). Let a(s) = -13*s**2 - s - 2. Let z(x) = 88*x**2 + 7*x + 13. Let d(o) = 27*a(o) + 4*z(o). Determine d(i).
-2
Suppose 0 = -j - 3 + 7. Let x = 55 + -55. Let r(b) = x*b + 3*b - 2*b**2 + 5*b**2 - b**3 + 76 - 73. What is r(j)?
-1
Let s(i) = -11*i**2 + 11*i - 1. Let q(k) = -13*k**2 + 13*k - 2. Let g(w) = -5*q(w) + 6*s(w). Determine g(6).
-26
Let z be (3/(-9))/((1/(-6))/1). Let p(u) = 4 - 15 + 3*u**z + 13*u - 2*u**2 - 2*u**2. Give p(11).
11
Let y = -105 - -110. Suppose -9 = -7*w + y. Suppose w*t = 5*t + 21. Let d(f) = -f - 1. What is d(t)?
6
Let l = -113 + 108. Let q(m) = 3*m - 11. Let g(h) = h - 6. Let k(v) = l*g(v) + 2*q(v). What is k(-11)?
-3
Let z(y) = 27*y - 382. Let g(o) = -137*o + 1906. Let u(x) = 3*g(x) + 14*z(x). What is u(11)?
7
Let u(r) = -8 - 5*r + 8*r - 2*r + 6. Suppose -7*i + 14*i = 63. Suppose -3*z + 9 - i = 0. Determine u(z).
-2
Let b(k) = 7*k - 10. Let v = -50 - -58. Suppose u = g - 10, -5*u - v = -3*g + 5*g. Let x(y) = -8*y + 11. Let n(w) = g*x(w) + 7*b(w). Give n(6).
2
Let s(n) = -20*n**3 - 23*n**2 - 17. Let k(c) = c**2 + 9*c + 20. Let j be k(-7). Let y(d) = -11*d**3 - 12*d**2 - 9. Let a(m) = j*s(m) - 11*y(m). Give a(6).
-3
Let b(r) = r**2 - 4*r - 3. Let y = 236 - 240. Let i be (y/8)/((-1)/(-3))*-2. Give b(i).
-6
Let j(a) = -a - 12. Suppose -27*n + 15*n = 84. Let c be ((-8)/(-6) - 1/3) + n. Give j(c).
-6
Suppose 8*l - 52 = -20. Let o(d) = 4*d - 10*d + 7*d + l + 1. Suppose -5*q + 4*z - 22 = 0, -3*z - 42 + 6 = 5*q. Determine o(q).
-1
Let z = -8418 + 8411. Let s(j) = j**3 + 8*j**2 + 5*j - 18. What is s(z)?
-4
Let n(x) = 24*x - 2. Suppose -22 = -4*c - 3*a, 5*c + 13 + 0 = 3*a. Give n(c).
22
Let m be ((-80)/60)/((-2)/9). Let g(i) = -29*i + 176. Determine g(m).
2
Let z(p) = 2*p - 47. Let u be (-884)/442 + (10 - 0). Determine z(u).
-31
Let n(u) = 24*u**3 - 47*u**2 + 84*u + 13. Let v(q) = -7*q**3 + 15*q**2 - 28*q - 4. Let d(p) = 2*n(p) + 7*v(p). What is d(7)?
-2
Let y(v) = -v**2 - 11*v - 6. Suppose -2*c - 10 = 0, 2*c + c = d - 4. Let x be 17 - 16 - (0 - -1 - d). Calculate y(x).
-6
Let y(w) be the first derivative of w**3/3 + 21*w**2/2 - 19*w - 10473. Calculate y(-15).
-109
Let v(p) be the third derivative of -5*p**4/12 - 9*p**3 + p**2 + 2*p - 301. Give v(-3).
-24
Suppose -16 = -11*j + 26 - 75. Let d(k) be the first derivative of -k**3/3 - k**2/2 + 5. Determine d(j).
-6
Suppose -30 = -17*h - 176*h - 30. Let p(m) = m**3 + 3*m**2 - 3*m - 4. Let l be p(-3). Let q(t) = -5*t + 6*t - t**3 + 0*t**2 - l - 9 - t**2. Give q(h).
-14
Let l(w) = -2*w**2 + 20*w + 5. Let n(b) = -b**2 + 11*b + 3. Suppose -6*v + 24*v - 198 = 0. Let m(i) = v*n(i) - 6*l(i). What is m(4)?
23
Let z(k) = -4*k + 4. Let o(l) = 11*l - 4. Let b(p) = -3*o(p) - 4*z(p). Determine b(-6).
98
Suppose 25 = 5*s - w + 82, 2*s - 5*w = -9. Let z = -17 - s. Let t(x) = x**2 - 5*x + 2. Let o(q) = q**2. Let a(d) = 2*o(d) - t(d). Calculate a(z).
-2
Let b be (9 - -1)/(44/154). Suppose -28*s + b = -23*s. Suppose 3*d = -3*r - 2*d + s, -2*d = -4*r + 18. Let c(w) = w**3 - 3*w**2 - 2*w - 1. Give c(r).
7
Let n be ((-6)/(-15) - 0) + 78/30. Let m(a) = -3*a**n - 2*a**2 - 901 + 901 + 2*a**3. Determine m(-2).
0
Let i = 2034 + -2040. Let m(n) = -2*n**2 - 13*n + 2. Give m(i).
8
Let v(g) = -2*g - 22. Let z(p) = 7*p + 77. Let d(b) = 10*v(b) + 3*z(b). Calculate d(-14).
-3
Let n be 17/((-102)/36) - -10. Let u(i) = -27*i**3 - 4*i**2 + 3*i + 4. Let z(s) = -28*s**3 - 5*s**2 + 4*s + 5. Let y(t) = n*z(t) - 5*u(t). Give y(-1).
-24
Let y(r) = 2*r**2 - 11*r + 8. Let m = 6597 - 6593. Calculate y(m).
-4
Let w(q) = 50*q - 122*q + 1342 + 136*q + 62. What is w(-22)?
-4
Let v be (-1)/(-3)*26*(4 - 10). Let g = 73 + v. Let j be g/12 - ((-10)/(-8))/(-5). Let d(u) = 4*u. What is d(j)?
8
Let y(x) = x**3 - 15*x**2 - x + 30. Let m(t) = 2*t**3 + 37*t**2 + 103*t - 15. Let z be m(-15). Determine y(z).
15
Let j(h) = 19*h**2 - h + 2. Let q(b) = -35*b**2 + 3*b - 4. Let d(k) = 11*j(k) + 6*q(k). Give d(5).
8
Let t(u) = u**3 + 5*u**2 - 6*u - 2. Suppose n + 3*n = 12. Let s = -575 - -599. Suppose 3*a = -a - 8, -n*v - 3*a = s. What is t(v)?
-2
Let k(w) = w**2 - 3*w - 4. Let f be (4/(-42) + 3034/(-777))/(-1). Suppose j - 14 = 3*x, 2*x = f*j - 25 + 9. Calculate k(x).
24
Let v(z) = z**3 - 7*z**2 - z - 7. Let r = -104 + 185. Let t be (-20)/50 - (r/(-15) + -2). What is v(t)?
-14
Let m be (-3 - -2) + 4 - -421. Let c be (1/(4/m))/2. Let g = -54 + c. Let r(j) = -18*j**3 - 2*j - 1. Give r(g).
19
Let t be (7 + -11)/((-2)/4). Let h(g) = -2 + 850*g - 847*g + t. Calculate h(-5).
-9
Let b(u) = -25*u**3 - 9*u**2 - 41*u + 2